+ 7*n + 1. Let o be a(10). Let h = o - 2195. Calculate the remainder when 61 is divided by (-2)/(-10) - h/30.
30
Let y be 43/4 - (-2)/8. Suppose -y = -5*d + 9. Suppose -w + 100 = d*w. What is the remainder when w is divided by 11?
9
Suppose 55*f - 52*f - 21 = 0. Let s = 27 - 7. Calculate the remainder when s is divided by f.
6
Let r be (6*7)/((-18)/(-132)). Suppose -2*i - 180 = -3*z + 49, -4*z + 4*i + r = 0. Calculate the remainder when z is divided by 20.
15
Let r(w) = -w**3 + 8*w**2 - 8*w + 5. Let p be r(6). Suppose 4*a = 3*j - p - 127, -5*a - 209 = -4*j. What is the remainder when 45 is divided by 8/10 + j/5?
9
Let d(g) = -4*g**2 + 68*g - 23. What is the remainder when 139 is divided by d(16)?
16
Let d = 116 + -88. Calculate the remainder when 5/15 + (-242)/(-3) is divided by d.
25
Let v be ((-717)/(-3))/(5/(-5)). Let h = 402 + v. Suppose 4*x = -5*r + h, 3*r - 81 = x - 3*x. What is the remainder when x is divided by 15?
12
Let l(g) = g**3 + 3*g**2 - 31*g + 9. What is the remainder when l(5) is divided by 31?
23
Calculate the remainder when -40 + 35 + (108 - -2) is divided by 28.
21
Let z(q) = -q**3 - 43*q**2 + q + 106. What is the remainder when z(-43) is divided by 8?
7
Suppose 5*c + 3 = -b + 1, -4*b - 3*c - 25 = 0. Let m be (-726)/(-7) - 2/b. Suppose 3*l - m = -l. Calculate the remainder when 102 is divided by l.
24
Suppose 0 = -7*j + 9*j - 68. Calculate the remainder when 372 is divided by j.
32
Let l = -1257 + 1314. Calculate the remainder when 163 is divided by l.
49
Suppose -n - 436 = 3*j + 318, 988 = -4*j + 3*n. Let m = j - -374. Calculate the remainder when m is divided by 25.
24
Let q be ((-128)/20)/(3/15). Let t = q - -43. Calculate the remainder when 21 is divided by t.
10
Suppose -14*q - 7*q = -504. Calculate the remainder when 63 is divided by q.
15
What is the remainder when 85 is divided by ((-12)/10)/(6/40*-1)?
5
Let r(s) = -s**3 + 2*s**2 + 14. Calculate the remainder when 81 is divided by r(0).
11
Let f = 193 + -95. Suppose 3*q + m = 54, m + 90 = 5*q - 2*m. Suppose 3*c + 3*h = 60, -5*h + q = -2*c + 93. Calculate the remainder when f is divided by c.
23
What is the remainder when (46/(-6))/((-7)/189) is divided by 19?
17
Let g = 191 + -141. What is the remainder when g is divided by 21?
8
Let x(h) = -4*h**2 - 31*h + 16. Calculate the remainder when 138 is divided by x(-7).
27
Suppose 4*z = 5*w - w - 100, -3*z = 3*w - 75. Let t = -7 + w. What is the remainder when 87 is divided by t?
15
Suppose -4 = 7*m - 32. Suppose 222 - 30 = m*a. Calculate the remainder when a is divided by 18.
12
Suppose -14*c + 3*c = -1606. Calculate the remainder when c is divided by 76.
70
Suppose 0 = -2*g + 235 + 31. Calculate the remainder when g is divided by 46.
41
Suppose -3*w + 0*w = -1692. Calculate the remainder when w is divided by 9.
6
Let b = 28 + 26. Calculate the remainder when b is divided by 38/4*(-2 + 4).
16
Let q(v) = v**2 - 5*v + 6. Suppose a - 20 = -3*a. Suppose 34*g = 26*g + 88. What is the remainder when g is divided by q(a)?
5
Let z(y) = -y**3 - 11*y**2 - 33*y - 215. Calculate the remainder when 270 is divided by z(-11).
122
Let q(r) = -r**3 + 12*r**2 - 27*r + 7. Calculate the remainder when 126 is divided by q(8).
32
Let c(u) = u**3 + 9*u**2 - 36*u + 5. What is the remainder when c(4) is divided by 9?
6
Let f(c) = c**2 + 36*c + 53. What is the remainder when 281 is divided by f(-35)?
11
What is the remainder when 145 + (-2 - -4) + -7 is divided by 47?
46
Suppose -5*j = -j - 440. What is the remainder when j is divided by (-59)/(-2) - 9*(-3)/(-54)?
23
Suppose n = -4*n - 760. Let o = n - -222. Calculate the remainder when o is divided by 3*-1 - 84/(-3 + -1).
16
Let r = -4 + 78. Suppose -5*l + 121 = -r. Let j = l + -22. What is the remainder when 66 is divided by j?
15
Let b be (-14)/((2 + 1)/3). Let p be 4/b + 148/28. Suppose 2*k - 7 - p = 0. What is the remainder when 15 is divided by k?
3
Suppose 5*d - 2*m + 20 = m, 3*m = 0. Let a be (6/d)/((-9)/132). Suppose -3*v = 5*x + 9 - 34, 4*x + 2*v = a. Calculate the remainder when x is divided by 3.
2
Suppose -10*b - 3*k + 329 = -5*b, 3*k = -6. What is the remainder when b is divided by 36?
31
Suppose -2*i - 19 + 81 = 0. Suppose 128*p - 120 = 113*p. Calculate the remainder when i is divided by p.
7
Let q(h) = h**2 - 12. What is the remainder when 42 is divided by q(-6)?
18
Let x = 71 - 39. Let i = x - -24. What is the remainder when i is divided by 29?
27
Let b be 6*(20/15 - 0). Let w = b - -6. What is the remainder when w is divided by 2?
0
Suppose -5*w = -6*n + 1887, 45*n + w + 631 = 47*n. What is the remainder when n is divided by 8?
5
Calculate the remainder when -1 - (-6 - -3) - -20 is divided by 2.
0
Suppose 2*p + p = 105. What is the remainder when 159 is divided by p?
19
Suppose -2*q + 139 = 3*j + 30, -122 = -4*j + 2*q. What is the remainder when 361 is divided by j?
31
Suppose -5*s + 15 = -2*s. Calculate the remainder when 51 is divided by 1*s*(2 - (-48)/15).
25
Let r = 567 - 516. What is the remainder when r is divided by 21?
9
Suppose -35*h + 182 = -22*h. Calculate the remainder when h is divided by 7.
0
Let v(i) = i - 4. Let r be v(9). Suppose -r*z + 45 = -2*z. Calculate the remainder when z is divided by 5.
0
Let h(z) = 13*z - 12. Let b be h(8). Suppose -u + 2*c - 31 = 0, b = -4*u - 3*c + 12. Let j = -14 - u. What is the remainder when 26 is divided by j?
8
Let i be -5 + -1 - (1 + -1). Let y be 1/i + (-19)/(-6). Suppose 0 = -5*h - y*x + 125, 4*h + 6*x = 3*x + 97. What is the remainder when h is divided by 15?
13
Let r(g) = -g**2 + 7*g + 14. Let m be r(8). Suppose m*s = 2*s + 28. Calculate the remainder when 18 is divided by s.
4
Let f(a) = 8*a + 15. Let w(c) = -40*c - 77. Let l(y) = 11*f(y) + 2*w(y). Calculate the remainder when l(8) is divided by 20.
15
Let a be ((-80)/3)/(26/(-117)). Suppose 0 = -0*k - 6*k + a. What is the remainder when 39 is divided by k?
19
Suppose 3*a - 5*q - 15 = 0, -6 = -3*a - 4*q + 9. Suppose 0 = a*p - 82 - 13. What is the remainder when p is divided by 5?
4
Suppose 5*t + 4 - 2 = -4*r, 3*r + 4*t + 2 = 0. Calculate the remainder when 2 is divided by r.
0
Suppose -2868 = -14*x + 10*x - a, 5*a - 717 = -x. Calculate the remainder when x is divided by 12.
9
Let g be (36/16)/(6/8). Suppose -g*p + 27 = 2*j + j, 0 = -3*j - p + 37. Suppose -4*k = 38 - 198. What is the remainder when k is divided by j?
12
Suppose -8*i + 0 = -0. Suppose 2*d + 2*p - 15 = -p, 4*d + 5*p - 27 = i. Calculate the remainder when 3 is divided by d.
0
Let s(c) = c**3 + 3*c**2 - 6*c - 6. Let t be s(-4). Let k be (-44)/(-2) - (t + -2). Let m = k - -1. Calculate the remainder when m is divided by 8.
7
What is the remainder when 915/7 - -9*(-26)/(-819) is divided by 33?
32
Let x(w) = -217 + 77 - 9 + 11*w. Calculate the remainder when x(21) is divided by 14/8*12/1.
19
Calculate the remainder when 16 is divided by 9/(2/2) - (-125 - -128).
4
What is the remainder when 290 is divided by 32/10 + -3 - 380/(-100)?
2
Let t = -26 - -32. Calculate the remainder when t/21 - (-215)/7 is divided by 11.
9
Suppose 87 = g - i - 14, 3*i - 537 = -5*g. Suppose -y + 24 = -5*s, -3*s + 4*y + 2 - 13 = 0. Let l = s + 32. What is the remainder when g is divided by l?
24
Suppose -5*j = -s - 26, -2*s - 4*j + 9*j = 32. Let a = s - -3. Let c(d) = d**2 + 4*d + 6. Calculate the remainder when 7 is divided by c(a).
1
Let y = 12 + -12. Suppose y = 3*n - n - 14. Let l(v) = v + 1. Calculate the remainder when n is divided by l(2).
1
Suppose -2*h = 2*r - 88, -4*r - r + 2*h + 220 = 0. Let b(u) = -u**2 - 23*u - 34. What is the remainder when b(-8) is divided by r?
42
Let z(g) = -2*g - 12. Let l be z(-3). Let w(c) = -c**2 - 12*c - 1. What is the remainder when w(l) is divided by 18?
17
Let y = -78 + 142. Let d = -31 + y. Calculate the remainder when 64 is divided by d.
31
Suppose -2*i = 32 + 26. Let u = i - -76. What is the remainder when 186 is divided by u?
45
Suppose 3*w = 5*w. Suppose 7*l + 3*f = 3*l + 80, 3*f = w. What is the remainder when 38 - (0 + (-4)/(-2)) is divided by l?
16
Let a = 193 - 305. Let w = a - -136. Calculate the remainder when w is divided by 8.
0
Let w be (3 + (2 - 6))/(2/16). Let b(n) = n**3 + 7*n**2 - 11*n - 13. What is the remainder when 21 is divided by b(w)?
10
Suppose 4*n = 10 - 2. Let h be n